{"id":2075,"date":"2024-04-08T13:20:20","date_gmt":"2024-04-08T17:20:20","guid":{"rendered":"http:\/\/toisuismoi.ca\/?page_id=2075"},"modified":"2025-12-07T00:18:30","modified_gmt":"2025-12-07T05:18:30","slug":"nourriture-pour-lame","status":"publish","type":"page","link":"https:\/\/toisuismoi.ca\/?page_id=2075","title":{"rendered":"Nourriture pour l&rsquo;\u00e2me"},"content":{"rendered":"\n<p class=\"has-medium-font-size\"><strong>Nourriture pour l&rsquo;\u00e2me<\/strong> a \u00e9t\u00e9 pendant plusieurs ann\u00e9es une cha\u00eene de courriel accessible par abonnement gratuit. L&rsquo;objectif \u00e9tant la formation de disciple et l&rsquo;\u00e9dification de l&rsquo;\u00e9glise. Le projet a pris fin il y a quelques ann\u00e9es d\u00e9j\u00e0. <\/p>\n\n\n\n<p class=\"has-medium-font-size\">Dans cette nouvelle version 2.0 de Nourriture pour l&rsquo;\u00e2me, la mission demeure la m\u00eame.  Mon objectif est toujours celui de voir l&rsquo;\u00c9glise grandir et la formation de disciple de Christ. Ce qui a chang\u00e9 est plus la forme de la pr\u00e9sentation et une fr\u00e9quence augment\u00e9e.  Au lieu de rendre accessible des textes distribu\u00e9s par courriels ou accessibles sur notre page web, j&rsquo;opte pour une pr\u00e9sentation vid\u00e9o, particuli\u00e8rement de courts vid\u00e9os traitant d&rsquo;un sujet pr\u00e9cis et pratique.<\/p>\n\n\n\n<p class=\"has-text-align-right has-medium-font-size\">Sylvain Bigras (web serviteur de toisuismoi.ca)<\/p>\n\n\n\n<p class=\"has-large-font-size\"><strong>Nourriture pour l&rsquo;\u00e2me 2025<\/strong><\/p>\n\n\n\n<p class=\"has-medium-font-size\"><strong>Nourriture pour l&rsquo;\u00e2me 2024\/2025<\/strong><\/p>\n\n\n\n<ul class=\"wp-block-list\">\n<li class=\"has-medium-font-size\">Nourriture pour l&rsquo;\u00e2me # 016 : <strong><a href=\"https:\/\/youtu.be\/6TIEyOc02Ac\" title=\"\">Quand les hommes diront paix et suret\u00e9&#8230;<\/a><\/strong><\/li>\n\n\n\n<li class=\"has-medium-font-size\">Nourriture pour l&rsquo;\u00e2me # 015 : <a href=\"https:\/\/youtu.be\/uPeOoX-X460\" title=\"\"><strong>Le t\u00e9moignagne de J\u00e9sus concernant le Saint-Esprit<\/strong><\/a><\/li>\n\n\n\n<li class=\"has-medium-font-size\">Nourriture pour l&rsquo;\u00e2me # 014 : <a href=\"http:\/\/youtu.be\/pW9vyg95r8w\" title=\"\"><strong>Nicod\u00e8me et la nou&#8230;<\/strong> 7 &#8211; <\/a><strong><a href=\"https:\/\/youtu.be\/VTMIh0RVCb0\" target=\"_blank\" rel=\"noopener\" title=\"\">La conversion de Nicod\u00e8me<\/a><\/strong><\/li>\n\n\n\n<li class=\"has-medium-font-size\">Nourriture pour l&rsquo;\u00e2me # 013 : <a href=\"http:\/\/youtu.be\/m0RDrNTMxM8\" target=\"_blank\" rel=\"noopener\" title=\"\"><strong>Nicod\u00e8me et la nou&#8230;<\/strong> 6 &#8211; <strong>J\u00e9sus et le serpent d&rsquo;airain<\/strong><\/a><\/li>\n\n\n\n<li class=\"has-medium-font-size\">Nourriture pour l&rsquo;\u00e2me # 012 : <a href=\"http:\/\/youtu.be\/pW9vyg95r8w\" title=\"\"><strong>Nicod\u00e8me et la nou&#8230;<\/strong> 5 &#8211; <strong>La nuance entre la chair et l&rsquo;Esprit<\/strong><\/a><\/li>\n\n\n\n<li class=\"has-medium-font-size\">Nourriture pour l&rsquo;\u00e2me # 011 : <a href=\"https:\/\/youtu.be\/w1OB4f_PhNU\" target=\"_blank\" rel=\"noopener\" title=\"\"><strong>Nicod\u00e8me et la nou&#8230;<\/strong> 4 &#8211; <strong>Croire en quoi pour obtenir le salut<\/strong><\/a><\/li>\n\n\n\n<li class=\"has-medium-font-size\">Nourriture pour l&rsquo;\u00e2me # 010 : <a href=\"https:\/\/youtu.be\/Hp0OS9Uk5Bc\" title=\"\"><strong>Nicod\u00e8me et la nou&#8230;<\/strong> <strong>3<\/strong> <\/a><a href=\"https:\/\/youtu.be\/Hp0OS9Uk5Bc\" target=\"_blank\" rel=\"noopener\" title=\"\"><strong>&#8211; Le processus de la nouvelle naissance<\/strong><\/a><\/li>\n\n\n\n<li class=\"has-medium-font-size\">Nourriture pour l&rsquo;\u00e2me # 009 : <strong><a href=\"https:\/\/youtu.be\/5azz6tDPoP8\" title=\"\">Nicod\u00e8me et la nouvelle naissance 2 &#8211; Ce qu&rsquo;est la nouvelle naissance<\/a><\/strong><\/li>\n\n\n\n<li class=\"has-medium-font-size\">Nourriture pour l&rsquo;\u00e2me # 008<strong> : <a href=\"https:\/\/youtu.be\/Vsu31qfJ4Ws\" title=\"\">Nicod\u00e8me et la nouvelle naissance 1 &#8211; Qui est Nicod\u00e8me<\/a><\/strong><\/li>\n\n\n\n<li class=\"has-medium-font-size\">Nourriture pour l&rsquo;\u00e2me # 007 &#8211; <a href=\"https:\/\/toisuismoi.ca\/wp-content\/uploads\/2024\/06\/Lethique-chretienne.pdf\">L\u2019\u00e9thique chr\u00e9tienne<\/a><\/li>\n\n\n\n<li class=\"has-medium-font-size\">Nourriture pour l&rsquo;\u00e2me # 006 &#8211; <a href=\"https:\/\/toisuismoi.ca\/wp-content\/uploads\/2024\/06\/Etre-ambassadeur-de-Christ.pdf\">\u00catre ambassadeur de Christ<\/a><\/li>\n\n\n\n<li class=\"has-medium-font-size\">Nourriture pour l&rsquo;\u00e2me # 005<a href=\"https:\/\/youtu.be\/tWrprnlp8pk?si=2kdI3i_RgkW-txtJ\"> &#8211; Une seule chose est n\u00e9cessaire<\/a><\/li>\n\n\n\n<li class=\"has-medium-font-size\">Nourriture pour l&rsquo;\u00e2me # 004<a href=\"https:\/\/youtu.be\/AMEU_GR4AkM?si=xDoC9aW77OSVvZx6\"> &#8211; Actes 4.36-37 &#8211; L&rsquo;h\u00e9ritage de Barnabas<\/a><\/li>\n\n\n\n<li class=\"has-medium-font-size\">Nourriture pour l&rsquo;\u00e2me # 003<a href=\"https:\/\/youtu.be\/0MsZbxR_4nk?si=xr_3NmN3Mdgz9lMR\"> &#8211; \u00c9z\u00e9chiel 22.30 &#8211; Le manque d&rsquo;intercession<\/a><\/li>\n\n\n\n<li class=\"has-medium-font-size\">Nourriture pour l&rsquo;\u00e2me # 002 <a href=\"https:\/\/youtu.be\/dqKqA7Z5aF4\">Psaume 19.8-10 &#8211; L&rsquo;impact de la Bible dans la vie des croyants<\/a><\/li>\n\n\n\n<li class=\"has-medium-font-size\"><a href=\"https:\/\/youtu.be\/EpVlJJOfGw8\">Nourriture pour l&rsquo;\u00e2me # 001 &#8211; Psaume 1 &#8211; Distinction entre le juste et le m\u00e9chant<\/a><\/li>\n\n\n\n<li class=\"has-medium-font-size\"><a href=\"https:\/\/youtu.be\/FCCZhu02RuQ\">Verset du jour Luc 8.9 &#8211; Quoi faire lorsque nous ne comprenons pas la Bible ?<\/a><\/li>\n\n\n\n<li class=\"has-medium-font-size\"><a href=\"https:\/\/youtu.be\/Xduc8mZyYNQ\">Versets du jour : 27 mars 2024 &#8211; Pardonner Luc 7.47<\/a><\/li>\n<\/ul>\n\n\n\n<details class=\"wp-block-details is-layout-flow wp-block-details-is-layout-flow\"><summary><\/summary>\n<p><\/p>\n<\/details>\n\n\n\n<p class=\"has-large-font-size\"><strong>Anciens vid\u00e9os fait \u00e0 partir des courriels de \u00ab\u00a0Nourriture pour l&rsquo;\u00e2me\u00a0\u00bb<\/strong><\/p>\n\n\n\n<ul class=\"wp-block-list\">\n<li><a href=\"https:\/\/youtu.be\/aIsB_LQGP7o\">Un test de foi ? <\/a>&#8211; 3 juin 2017<\/li>\n\n\n\n<li><a href=\"https:\/\/youtu.be\/kObgxBzUySY\">Avis de temp\u00eate<\/a> &#8211; 16 mars 2017<\/li>\n\n\n\n<li><a href=\"https:\/\/youtu.be\/3gQ8l69Os44\">L&rsquo;idol\u00e2trie : Qui est ton Dieu ?<\/a> &#8211; 7 d\u00e9cembre 2016<\/li>\n\n\n\n<li><a href=\"https:\/\/youtu.be\/LDNgPgpTRkQ\">J\u00e9sus dans l&rsquo;Ancien Testament<\/a> &#8211; 18 novembre 2016<\/li>\n\n\n\n<li><a href=\"https:\/\/youtu.be\/9VjAVWDKsVM\">A table avec J\u00e9sus<\/a> &#8211; 27 octobre 2016<\/li>\n\n\n\n<li><a href=\"https:\/\/youtu.be\/9b99rg8YPUk\">L&rsquo;importance des \u00c9critures<\/a> -22 octobre 2016<\/li>\n\n\n\n<li><a href=\"https:\/\/youtu.be\/X8OqqPcweXA\">Psaume 119 &#8211; Marcher \u00e0 la lumi\u00e8re de la Parole de Dieu<\/a> &#8211; 12 octobre 2016<\/li>\n\n\n\n<li><a href=\"https:\/\/youtu.be\/YYPRffxGbh4\">Rejet\u00e9 <\/a>&#8211; 11 octobre 2016<\/li>\n\n\n\n<li><a href=\"https:\/\/youtu.be\/8Wk_WU4Zq50\">Origine<\/a> &#8211; 6 octobre 2016<\/li>\n\n\n\n<li><a href=\"https:\/\/youtu.be\/edzW40tqKP8\">Se croire ma\u00eetre de son destin<\/a> &#8211; 27 septembre 2016<\/li>\n\n\n\n<li><a href=\"https:\/\/youtu.be\/0KOeSUUcnHs\">La faute \u00e0 qui ? Gen\u00e8se 3<\/a> &#8211; 20 septembre 2016<\/li>\n\n\n\n<li><a href=\"https:\/\/youtu.be\/8J4udD2MC40\">Psaume 121 &#8211; 2i\u00e8me partie &#8211; Celui qui nous garde<\/a> &#8211; 20 novembre 2015<\/li>\n\n\n\n<li><a href=\"https:\/\/youtu.be\/_EmwX_k_TzE\">Psaume 121 Premi\u00e8re partie &#8211; Ma s\u00e9curit\u00e9 en toutes circonstances<\/a> &#8211; 13 novembre 2015<\/li>\n<\/ul>\n\n\n\n<p class=\"has-medium-font-size\"><strong>Autres pr\u00e9sentations vid\u00e9os de Sylvain Bigras<\/strong><\/p>\n\n\n\n<ul class=\"wp-block-list\">\n<li><a href=\"https:\/\/youtu.be\/oFYWaTPI1Rw\">Mati\u00e8re \u00e0 r\u00e9flexion : Aimer son prochain comme Christ aime<\/a> &#8211; 29 d\u00e9cembre 2023<\/li>\n\n\n\n<li><a href=\"https:\/\/youtu.be\/Ah34L9deYr0\">Le temps est proche #1 &#8211; L&rsquo;urgent besoin de suivre J\u00e9sus<\/a> &#8211; 26 septembre 2023<\/li>\n\n\n\n<li><a href=\"https:\/\/youtu.be\/3DS8KVbz7mk\">Bonne nouvelle pour aujourd&rsquo;hui &#8211; Golgotha<\/a> &#8211; 29 novembre 2022<\/li>\n\n\n\n<li><a href=\"https:\/\/youtu.be\/w5nzKXZ6jM4\">Bonne nouvelle pour aujourd&rsquo;hui &#8211; un fils nous est donn\u00e9<\/a> &#8211; 11 novembre 2022<\/li>\n\n\n\n<li><a href=\"https:\/\/youtu.be\/jYBCAUEPxac\">Bonne nouvelle pour aujourd&rsquo;hui &#8211; Une vierge enceinte<\/a> &#8211; 1 novembre 2022<\/li>\n\n\n\n<li class=\"has-medium-font-size\"><a href=\"https:\/\/youtu.be\/_FS_LhNyy3c\">Bonne nouvelle pour aujourd&rsquo;hui &#8211; Bethl\u00e9hem<\/a> &#8211; 20 octobre 2022<\/li>\n\n\n\n<li><a href=\"https:\/\/youtu.be\/xBNRtqgJjsQ\">Laver les pieds &#8211; L&rsquo;exemple de J\u00e9sus<\/a> &#8211; 7 avril 2017<\/li>\n\n\n\n<li><a href=\"https:\/\/youtu.be\/RH-97bvJsGk\">Le syndrome de la vedette : D\u00e9masqu\u00e9<\/a> &#8211; 24 octobre 2016<\/li>\n\n\n\n<li><a href=\"https:\/\/youtu.be\/_1ATpJo2nog\">Laodic\u00e9e : L&rsquo;illusion chr\u00e9tienne<\/a> &#8211; 30 septembre 2016<\/li>\n\n\n\n<li><a href=\"https:\/\/youtu.be\/xhzuDZi3srQ\">La pr\u00e9destination et le libre arbitre <\/a>&#8211; 15 septembre 2016<\/li>\n<\/ul>\n\n\n\n<p>En cas de lien bris\u00e9, merci de les signaler en utilisant l&rsquo;espace r\u00e9serv\u00e9 aux commentaires en bas de page.<\/p>\n","protected":false},"excerpt":{"rendered":"<div class=\"mh-excerpt\">Nourriture pour l&rsquo;\u00e2me a \u00e9t\u00e9 pendant plusieurs ann\u00e9es une cha\u00eene de courriel accessible par abonnement gratuit. L&rsquo;objectif \u00e9tant la formation de disciple et l&rsquo;\u00e9dification de <a class=\"mh-excerpt-more\" href=\"https:\/\/toisuismoi.ca\/?page_id=2075\" title=\"Nourriture pour l&rsquo;\u00e2me\">[&#8230;]<\/a><\/div>\n","protected":false},"author":1,"featured_media":2076,"parent":0,"menu_order":0,"comment_status":"open","ping_status":"closed","template":"","meta":{"om_disable_all_campaigns":false,"_monsterinsights_skip_tracking":false,"_monsterinsights_sitenote_active":false,"_monsterinsights_sitenote_note":"","_monsterinsights_sitenote_category":0,"_uf_show_specific_survey":0,"_uf_disable_surveys":false,"footnotes":""},"class_list":["post-2075","page","type-page","status-publish","has-post-thumbnail","hentry"],"aioseo_notices":[],"_hostinger_reach_plugin_has_subscription_block":false,"_hostinger_reach_plugin_is_elementor":false,"jetpack_sharing_enabled":true,"jetpack_shortlink":"https:\/\/wp.me\/PaKpHI-xt","jetpack-related-posts":[],"_links":{"self":[{"href":"https:\/\/toisuismoi.ca\/index.php?rest_route=\/wp\/v2\/pages\/2075","targetHints":{"allow":["GET"]}}],"collection":[{"href":"https:\/\/toisuismoi.ca\/index.php?rest_route=\/wp\/v2\/pages"}],"about":[{"href":"https:\/\/toisuismoi.ca\/index.php?rest_route=\/wp\/v2\/types\/page"}],"author":[{"embeddable":true,"href":"https:\/\/toisuismoi.ca\/index.php?rest_route=\/wp\/v2\/users\/1"}],"replies":[{"embeddable":true,"href":"https:\/\/toisuismoi.ca\/index.php?rest_route=%2Fwp%2Fv2%2Fcomments&post=2075"}],"version-history":[{"count":17,"href":"https:\/\/toisuismoi.ca\/index.php?rest_route=\/wp\/v2\/pages\/2075\/revisions"}],"predecessor-version":[{"id":2567,"href":"https:\/\/toisuismoi.ca\/index.php?rest_route=\/wp\/v2\/pages\/2075\/revisions\/2567"}],"wp:featuredmedia":[{"embeddable":true,"href":"https:\/\/toisuismoi.ca\/index.php?rest_route=\/wp\/v2\/media\/2076"}],"wp:attachment":[{"href":"https:\/\/toisuismoi.ca\/index.php?rest_route=%2Fwp%2Fv2%2Fmedia&parent=2075"}],"curies":[{"name":"wp","href":"https:\/\/api.w.org\/{rel}","templated":true}]}}