{"id":2927,"date":"2026-03-05T01:02:19","date_gmt":"2026-03-05T06:02:19","guid":{"rendered":"https:\/\/toisuismoi.ca\/?page_id=2927"},"modified":"2026-03-09T21:31:24","modified_gmt":"2026-03-10T01:31:24","slug":"savoir-ce-qui-arrivera-et-comment-reagir","status":"publish","type":"page","link":"https:\/\/toisuismoi.ca\/?page_id=2927","title":{"rendered":"Savoir ce qui arrivera et comment r\u00e9agir"},"content":{"rendered":"\n<p class=\"has-large-font-size\"><strong>Survol de Matthieu 24 &#8211; S\u00e9rie vid\u00e9o<\/strong><\/p>\n\n\n\n<p class=\"has-medium-font-size\">Avec tout ce qui arrive dans le monde, plusieurs parlent d&rsquo;accomplissement de proph\u00e9tie sur la fin des temps. Dans la Bible, le chapitre 24 de l&rsquo;\u00c9vangile de Matthieu traite de cela. Il est facile de mal interpr\u00e9ter la proph\u00e9tie biblique. J\u00e9sus a lui-m\u00eame dit que lors des derniers jours, il y aura beaucoup de faux-proph\u00e8tes qui s\u00e9duiront beaucoup de gens. Je vous propose de consid\u00e9rer les r\u00e9ponses de J\u00e9sus aux questions de ses disciples.<\/p>\n\n\n\n<p class=\"has-medium-font-size\">La Bible tant dans l&rsquo;Ancien Testament que dans le Nouveau Testament nous donne une trame narrative qui se confirme au fur et \u00e0 mesure que le temps passe. D\u00e9j\u00e0, plusieurs proph\u00e9ties se sont accompli de mani\u00e8re litt\u00e9rale concernant la premi\u00e8re venue de J\u00e9sus.roph\u00e9ties bibliques, une fois comprise dans leurs contextes se confirment dans d&rsquo;autres passages. Le t\u00e9moignage de Dieu est \u00e9crit pour que nous soyons en mesure de le comprendre d&rsquo;autant plus que le temps est proche.<\/p>\n\n\n\n<p class=\"has-medium-font-size\"><a href=\"https:\/\/youtu.be\/BJkNQaDsc2k\" target=\"_blank\" rel=\"noopener\" title=\"\"><strong>Premier \u00e9pisode &#8211; Introduction <\/strong><\/a><\/p>\n\n\n\n<figure class=\"wp-block-image size-large\"><a href=\"https:\/\/youtu.be\/BJkNQaDsc2k\"><img loading=\"lazy\" decoding=\"async\" width=\"1024\" height=\"217\" src=\"https:\/\/toisuismoi.ca\/wp-content\/uploads\/2026\/03\/bandeau-Episode-1-1-1024x217.jpg\" alt=\"Savoir ce qui arrivera et comment r\u00e9agir \u2013 Survol de Matthieu 24\" class=\"wp-image-2929\" srcset=\"https:\/\/toisuismoi.ca\/wp-content\/uploads\/2026\/03\/bandeau-Episode-1-1-1024x217.jpg 1024w, https:\/\/toisuismoi.ca\/wp-content\/uploads\/2026\/03\/bandeau-Episode-1-1-300x64.jpg 300w, https:\/\/toisuismoi.ca\/wp-content\/uploads\/2026\/03\/bandeau-Episode-1-1-150x32.jpg 150w, https:\/\/toisuismoi.ca\/wp-content\/uploads\/2026\/03\/bandeau-Episode-1-1-768x163.jpg 768w, https:\/\/toisuismoi.ca\/wp-content\/uploads\/2026\/03\/bandeau-Episode-1-1-1536x326.jpg 1536w, https:\/\/toisuismoi.ca\/wp-content\/uploads\/2026\/03\/bandeau-Episode-1-1.jpg 1837w\" sizes=\"auto, (max-width: 1024px) 100vw, 1024px\" \/><\/a><figcaption class=\"wp-element-caption\">\u00c9pisode 1 &#8211; Introduction<\/figcaption><\/figure>\n\n\n\n<p class=\"has-medium-font-size\">Dans ce premier vid\u00e9o, on place la table pour agir de mani\u00e8re prudente en mettant des limites importantes concernant l&rsquo;interpr\u00e9tation proph\u00e9tique. Que ce soit pour d\u00e9couvrir la proph\u00e9tie ou pour bien si pr\u00e9parer, J\u00e9sus a invit\u00e9 ses propres disciples \u00e0 \u00eatre prudent car se sera facile de faire fausse route sans conna\u00eetre l&rsquo;ensemble du t\u00e9moignage biblique.<\/p>\n\n\n\n<p><strong>Deuxi\u00e8me \u00e9pisode &#8211; Le contexte &#8211; La condition spirituel d&rsquo;Isra\u00ebl<\/strong><\/p>\n\n\n\n<figure class=\"wp-block-embed is-type-video is-provider-youtube wp-block-embed-youtube wp-embed-aspect-16-9 wp-has-aspect-ratio\"><div class=\"wp-block-embed__wrapper\">\n<span class=\"embed-youtube\" style=\"text-align:center; display: block;\"><iframe loading=\"lazy\" class=\"youtube-player\" width=\"640\" height=\"360\" src=\"https:\/\/www.youtube.com\/embed\/geoUvPNNBNI?version=3&#038;rel=1&#038;showsearch=0&#038;showinfo=1&#038;iv_load_policy=1&#038;fs=1&#038;hl=fr-FR&#038;autohide=2&#038;wmode=transparent\" allowfullscreen=\"true\" style=\"border:0;\" sandbox=\"allow-scripts allow-same-origin allow-popups allow-presentation allow-popups-to-escape-sandbox\"><\/iframe><\/span>\n<\/div><\/figure>\n\n\n\n<p>Pour bien saisir pourquoi J\u00e9sus a d\u00e9cid\u00e9 de r\u00e9pondre de la sorte \u00e0 ses disciples dans Matthieu 24, comprendre le contexte religieux en place \u00e0 cette \u00e9poque est tr\u00e8s r\u00e9v\u00e9lateur de ce qui arrivera dans la suite des temps proph\u00e9tique. Trois \u00e9v\u00e9nements nous aident \u00e0 comprendre la situation. Le discours de J\u00e9sus contre les scribes et les pharisiens est tr\u00e8s r\u00e9v\u00e9lateur que le message de l&rsquo;Ancien Testament a \u00e9t\u00e9 mis de c\u00f4t\u00e9 pour \u00eatre remplac\u00e9 par la tradition des anciens.<\/p>\n\n\n\n<p>Plus tard, J\u00e9sus a observ\u00e9 les gens qui apportaient leurs offrandes \u00e0 Dieu. La majorit\u00e9 donnait de leur superflu. Ils donnaient par obligation, parce qu&rsquo;il fallait le faire, ici, on ne parle m\u00eame pas de la d\u00eeme. Et voil\u00e0 qu&rsquo;une pauvre veuve arrive et donne deux petites pi\u00e8ces\u2026 Aux yeux de tous, c&rsquo;\u00e9tait vraiment tr\u00e8s peu. Mais pour J\u00e9sus, il savait qu&rsquo;elle donnait ce qu&rsquo;elle avait besoin pour vivre. En donnant ainsi, cette dame \u00e2g\u00e9e devait s&rsquo;attendre au secours de Dieu pour r\u00e9pondre \u00e0 ses besoins.<\/p>\n\n\n\n<p>Finalement, J\u00e9sus porte son attention sur la ville de J\u00e9rusalem, sachant que son d\u00e9part \u00e9tait pour bient\u00f4t, il voyait cette ville qui tue les proph\u00e8tes en sachant que son tour arrive. Par sa mort, il allait laisser le Temple vide. Quelques d\u00e9cennies plus tard, il allait \u00eatre d\u00e9truit pierre par pierre. Combien J\u00e9sus aurait aim\u00e9 voir sa ville dans un meilleur \u00e9tat spirituel\u2009! Il sait qu&rsquo;il reviendra, qu&rsquo;il sera re\u00e7u avec tous les honneurs, alors qu&rsquo;ils diront \u00ab\u00a0B\u00e9ni soit celui qui vient au nom du Seigneur\u00a0\u00bb. Le contexte spirituel du peuple juif de l&rsquo;\u00e9poque d\u00e9montre l&rsquo;absence de la crainte de Dieu. L&rsquo;Ancien Testament n&rsquo;\u00e9tait pas bien compris, l&rsquo;\u00e9lite religieuse trop attach\u00e9e \u00e0 bien para\u00eetre et les autres \u00e0 faire le minimum possible\u2026 Quoi que, cette femme veuve laisse entrevoir la pr\u00e9sence de v\u00e9ritable croyant qui savent s&rsquo;attendre \u00e0 la fid\u00e9lit\u00e9 de Dieu.<\/p>\n","protected":false},"excerpt":{"rendered":"<div class=\"mh-excerpt\">Survol de Matthieu 24 &#8211; S\u00e9rie vid\u00e9o Avec tout ce qui arrive dans le monde, plusieurs parlent d&rsquo;accomplissement de proph\u00e9tie sur la fin des temps. <a class=\"mh-excerpt-more\" href=\"https:\/\/toisuismoi.ca\/?page_id=2927\" title=\"Savoir ce qui arrivera et comment r\u00e9agir\">[&#8230;]<\/a><\/div>\n","protected":false},"author":1,"featured_media":2930,"parent":0,"menu_order":0,"comment_status":"open","ping_status":"closed","template":"","meta":{"om_disable_all_campaigns":false,"_monsterinsights_skip_tracking":false,"_monsterinsights_sitenote_active":false,"_monsterinsights_sitenote_note":"","_monsterinsights_sitenote_category":0,"_uf_show_specific_survey":0,"_uf_disable_surveys":false,"footnotes":""},"class_list":["post-2927","page","type-page","status-publish","has-post-thumbnail","hentry"],"aioseo_notices":[],"_hostinger_reach_plugin_has_subscription_block":false,"_hostinger_reach_plugin_is_elementor":false,"jetpack_sharing_enabled":true,"jetpack_shortlink":"https:\/\/wp.me\/PaKpHI-Ld","jetpack-related-posts":[],"_links":{"self":[{"href":"https:\/\/toisuismoi.ca\/index.php?rest_route=\/wp\/v2\/pages\/2927","targetHints":{"allow":["GET"]}}],"collection":[{"href":"https:\/\/toisuismoi.ca\/index.php?rest_route=\/wp\/v2\/pages"}],"about":[{"href":"https:\/\/toisuismoi.ca\/index.php?rest_route=\/wp\/v2\/types\/page"}],"author":[{"embeddable":true,"href":"https:\/\/toisuismoi.ca\/index.php?rest_route=\/wp\/v2\/users\/1"}],"replies":[{"embeddable":true,"href":"https:\/\/toisuismoi.ca\/index.php?rest_route=%2Fwp%2Fv2%2Fcomments&post=2927"}],"version-history":[{"count":3,"href":"https:\/\/toisuismoi.ca\/index.php?rest_route=\/wp\/v2\/pages\/2927\/revisions"}],"predecessor-version":[{"id":2969,"href":"https:\/\/toisuismoi.ca\/index.php?rest_route=\/wp\/v2\/pages\/2927\/revisions\/2969"}],"wp:featuredmedia":[{"embeddable":true,"href":"https:\/\/toisuismoi.ca\/index.php?rest_route=\/wp\/v2\/media\/2930"}],"wp:attachment":[{"href":"https:\/\/toisuismoi.ca\/index.php?rest_route=%2Fwp%2Fv2%2Fmedia&parent=2927"}],"curies":[{"name":"wp","href":"https:\/\/api.w.org\/{rel}","templated":true}]}}